{"id":4644,"date":"2024-11-20T11:14:15","date_gmt":"2024-11-20T11:14:15","guid":{"rendered":"https:\/\/calpebooking.com\/listing\/22-11-24-11-fete-de-sainte-cecile\/"},"modified":"2024-11-20T11:16:38","modified_gmt":"2024-11-20T11:16:38","slug":"22-11-24-11-fete-de-sainte-cecile","status":"publish","type":"listing","link":"https:\/\/calpebooking.com\/?listing=22-11-24-11-fete-de-sainte-cecile","title":{"rendered":"22\/11-24\/11 F\u00eate de Sainte-C\u00e9cile"},"content":{"rendered":"\n<p>Ce week-end, l&#8217;Uni\u00f3 Musical Calp-Ifach c\u00e9l\u00e8bre avec enthousiasme la f\u00eate de Santa Cecilia, patronne des musiciens, avec un programme vari\u00e9 d&#8217;activit\u00e9s pour tous les publics.  <br\/><br\/>Le vendredi 22 novembre, \u00e0 partir de 19h30, les portes des nouvelles installations de la Casa de la M\u00fasica seront ouvertes et un vin d&#8217;honneur sera offert. Ensuite, les nouveaux musiciens seront rassembl\u00e9s et il y aura un d\u00e9fil\u00e9 anim\u00e9 le long de l&#8217;Avenida Puerto de Santa Mar\u00eda, n\u00ba 7.<\/p>\n\n<p>Le samedi 23 novembre, \u00e0 partir de 19h30, l&#8217;auditorium de la Casa de la Cultura de Calpe accueillera le tr\u00e8s attendu concert Santa Cecilia, un rendez-vous incontournable pour les m\u00e9lomanes.<br\/><br\/>Enfin, le dimanche 24 novembre, \u00e0 10 heures, les nouveaux musiciens seront recueillis \u00e0 l&#8217;\u00e9glise de Nuestra Se\u00f1ora de las Nieves, pour cl\u00f4turer ce week-end festif. Ne manquez pas cette occasion !<br\/><\/p>\n\n<figure class=\"wp-block-image size-large\"><img fetchpriority=\"high\" decoding=\"async\" width=\"819\" height=\"1024\" src=\"https:\/\/calpebooking.com\/wp-content\/uploads\/2024\/11\/466652921_988947016607418_8294279327907318915_n-819x1024.jpg\" alt=\"\" class=\"wp-image-4629\" srcset=\"https:\/\/calpebooking.com\/wp-content\/uploads\/2024\/11\/466652921_988947016607418_8294279327907318915_n-819x1024.jpg 819w, https:\/\/calpebooking.com\/wp-content\/uploads\/2024\/11\/466652921_988947016607418_8294279327907318915_n-240x300.jpg 240w, https:\/\/calpebooking.com\/wp-content\/uploads\/2024\/11\/466652921_988947016607418_8294279327907318915_n-768x960.jpg 768w, https:\/\/calpebooking.com\/wp-content\/uploads\/2024\/11\/466652921_988947016607418_8294279327907318915_n.jpg 1080w\" sizes=\"(max-width: 819px) 100vw, 819px\" \/><\/figure>\n\n<p><\/p>\n","protected":false},"author":1,"featured_media":4629,"comment_status":"open","ping_status":"closed","template":"","listing-category":[],"list-tags":[],"location":[187],"class_list":["post-4644","listing","type-listing","status-publish","has-post-thumbnail","hentry","location-calpe-ville"],"cubewp_post_meta":[],"taxonomies":["Calpe - Ville"],"_links":{"self":[{"href":"https:\/\/calpebooking.com\/index.php?rest_route=\/wp\/v2\/listing\/4644","targetHints":{"allow":["GET"]}}],"collection":[{"href":"https:\/\/calpebooking.com\/index.php?rest_route=\/wp\/v2\/listing"}],"about":[{"href":"https:\/\/calpebooking.com\/index.php?rest_route=\/wp\/v2\/types\/listing"}],"author":[{"embeddable":true,"href":"https:\/\/calpebooking.com\/index.php?rest_route=\/wp\/v2\/users\/1"}],"replies":[{"embeddable":true,"href":"https:\/\/calpebooking.com\/index.php?rest_route=%2Fwp%2Fv2%2Fcomments&post=4644"}],"wp:featuredmedia":[{"embeddable":true,"href":"https:\/\/calpebooking.com\/index.php?rest_route=\/wp\/v2\/media\/4629"}],"wp:attachment":[{"href":"https:\/\/calpebooking.com\/index.php?rest_route=%2Fwp%2Fv2%2Fmedia&parent=4644"}],"wp:term":[{"taxonomy":"listing-category","embeddable":true,"href":"https:\/\/calpebooking.com\/index.php?rest_route=%2Fwp%2Fv2%2Flisting-category&post=4644"},{"taxonomy":"list-tags","embeddable":true,"href":"https:\/\/calpebooking.com\/index.php?rest_route=%2Fwp%2Fv2%2Flist-tags&post=4644"},{"taxonomy":"location","embeddable":true,"href":"https:\/\/calpebooking.com\/index.php?rest_route=%2Fwp%2Fv2%2Flocation&post=4644"}],"curies":[{"name":"wp","href":"https:\/\/api.w.org\/{rel}","templated":true}]}}

22/11-24/11 Fête de Sainte-Cécile

<p>Ce week-end, l&#8217;Unió Musical Calp-Ifach célèbre avec enthousiasme la fête de Santa Cecilia, patronne des musiciens, avec un programme varié d&#8217;activités pour tous les publics.  <br/><br/>Le vendredi 22 novembre, à partir de 19h30, les portes des nouvelles installations de la Casa de la Música seront ouvertes et un vin d&#8217;honneur sera offert. Ensuite, les nouveaux musiciens seront rassemblés et il y aura un défilé animé le long de l&#8217;Avenida Puerto de Santa María, nº 7.</p>

<p>Le samedi 23 novembre, à partir de 19h30, l&#8217;auditorium de la Casa de la Cultura de Calpe accueillera le très attendu concert Santa Cecilia, un rendez-vous incontournable pour les mélomanes.<br/><br/>Enfin, le dimanche 24 novembre, à 10 heures, les nouveaux musiciens seront recueillis à l&#8217;église de Nuestra Señora de las Nieves, pour clôturer ce week-end festif. Ne manquez pas cette occasion !<br/></p>

<figure class="wp-block-image size-large"><img fetchpriority="high" decoding="async" width="819" height="1024" src="https://calpebooking.com/wp-content/uploads/2024/11/466652921_988947016607418_8294279327907318915_n-819x1024.jpg" alt="" class="wp-image-4629" srcset="https://calpebooking.com/wp-content/uploads/2024/11/466652921_988947016607418_8294279327907318915_n-819x1024.jpg 819w, https://calpebooking.com/wp-content/uploads/2024/11/466652921_988947016607418_8294279327907318915_n-240x300.jpg 240w, https://calpebooking.com/wp-content/uploads/2024/11/466652921_988947016607418_8294279327907318915_n-768x960.jpg 768w, https://calpebooking.com/wp-content/uploads/2024/11/466652921_988947016607418_8294279327907318915_n.jpg 1080w" sizes="(max-width: 819px) 100vw, 819px" /></figure>

<p></p>
