{"id":4414,"date":"2024-11-15T10:20:58","date_gmt":"2024-11-15T10:20:58","guid":{"rendered":"https:\/\/calpebooking.com\/listing\/17-11-theatre-el-trastero-le-bucher\/"},"modified":"2024-11-15T10:23:31","modified_gmt":"2024-11-15T10:23:31","slug":"17-11-theatre-el-trastero-le-bucher","status":"publish","type":"listing","link":"https:\/\/calpebooking.com\/?listing=17-11-theatre-el-trastero-le-bucher","title":{"rendered":"17\/11 &#8211; Th\u00e9\u00e2tre &#8220;El trastero&#8221; (Le b\u00fbcher)"},"content":{"rendered":"\n<p>\n          <strong>Ne manquez pas le &#8220;Teatro El Trastero&#8221; \u00e0 l&#8217;Auditorium de Calpe !<\/strong>\n        <\/p>\n\n<p>Ce <strong>dimanche 17 novembre<\/strong> \u00e0 <strong>18h30<\/strong>, profitez d&#8217;une pi\u00e8ce unique : <strong>&#8220;Teatro El Trastero&#8221;<\/strong> d&#8217;<strong>Antonio Jes\u00fas Arbeloa Garc\u00eda<\/strong>, pr\u00e9sent\u00e9e par la <strong>Compa\u00f1\u00eda Amigos del Teatro de Castell\u00f3n<\/strong>. Ce spectacle fait partie du <strong>XII Certamen Nacional de Teatro Amateur &#8220;Antonio Ferrer, El Cartero&#8221;<\/strong> dans la cat\u00e9gorie <strong>Th\u00e9\u00e2tre<\/strong>.<\/p>\n\n<p>L&#8217;entr\u00e9e est <strong>gratuite jusqu&#8217;\u00e0 ce que la salle soit pleine<\/strong>, alors assurez-vous d&#8217;arriver \u00e0 temps pour profiter d&#8217;un excellent spectacle.<\/p>\n\n<p>Nous vous attendons pour vivre ensemble une soir\u00e9e inoubliable \u00e0 l&#8217;Auditorium, organis\u00e9e par le D\u00e9partement de la Culture !<\/p>\n\n<figure class=\"wp-block-image size-large\"><img fetchpriority=\"high\" decoding=\"async\" width=\"724\" height=\"1024\" src=\"https:\/\/calpebooking.com\/wp-content\/uploads\/2024\/11\/17_11_2024_cartel_verde_el_trastero-724x1024.jpg\" alt=\"\" class=\"wp-image-4407\" srcset=\"https:\/\/calpebooking.com\/wp-content\/uploads\/2024\/11\/17_11_2024_cartel_verde_el_trastero-724x1024.jpg 724w, https:\/\/calpebooking.com\/wp-content\/uploads\/2024\/11\/17_11_2024_cartel_verde_el_trastero-212x300.jpg 212w, https:\/\/calpebooking.com\/wp-content\/uploads\/2024\/11\/17_11_2024_cartel_verde_el_trastero-768x1086.jpg 768w, https:\/\/calpebooking.com\/wp-content\/uploads\/2024\/11\/17_11_2024_cartel_verde_el_trastero-1086x1536.jpg 1086w, https:\/\/calpebooking.com\/wp-content\/uploads\/2024\/11\/17_11_2024_cartel_verde_el_trastero.jpg 1414w\" sizes=\"(max-width: 724px) 100vw, 724px\" \/><\/figure>\n","protected":false},"author":1,"featured_media":4407,"comment_status":"open","ping_status":"closed","template":"","listing-category":[],"list-tags":[],"location":[187],"class_list":["post-4414","listing","type-listing","status-publish","has-post-thumbnail","hentry","location-calpe-ville"],"cubewp_post_meta":[],"taxonomies":["Calpe - Ville"],"_links":{"self":[{"href":"https:\/\/calpebooking.com\/index.php?rest_route=\/wp\/v2\/listing\/4414","targetHints":{"allow":["GET"]}}],"collection":[{"href":"https:\/\/calpebooking.com\/index.php?rest_route=\/wp\/v2\/listing"}],"about":[{"href":"https:\/\/calpebooking.com\/index.php?rest_route=\/wp\/v2\/types\/listing"}],"author":[{"embeddable":true,"href":"https:\/\/calpebooking.com\/index.php?rest_route=\/wp\/v2\/users\/1"}],"replies":[{"embeddable":true,"href":"https:\/\/calpebooking.com\/index.php?rest_route=%2Fwp%2Fv2%2Fcomments&post=4414"}],"wp:featuredmedia":[{"embeddable":true,"href":"https:\/\/calpebooking.com\/index.php?rest_route=\/wp\/v2\/media\/4407"}],"wp:attachment":[{"href":"https:\/\/calpebooking.com\/index.php?rest_route=%2Fwp%2Fv2%2Fmedia&parent=4414"}],"wp:term":[{"taxonomy":"listing-category","embeddable":true,"href":"https:\/\/calpebooking.com\/index.php?rest_route=%2Fwp%2Fv2%2Flisting-category&post=4414"},{"taxonomy":"list-tags","embeddable":true,"href":"https:\/\/calpebooking.com\/index.php?rest_route=%2Fwp%2Fv2%2Flist-tags&post=4414"},{"taxonomy":"location","embeddable":true,"href":"https:\/\/calpebooking.com\/index.php?rest_route=%2Fwp%2Fv2%2Flocation&post=4414"}],"curies":[{"name":"wp","href":"https:\/\/api.w.org\/{rel}","templated":true}]}}

17/11 &#8211; Théâtre &#8220;El trastero&#8221; (Le bûcher)

<p>
          <strong>Ne manquez pas le &#8220;Teatro El Trastero&#8221; à l&#8217;Auditorium de Calpe !</strong>
        </p>

<p>Ce <strong>dimanche 17 novembre</strong> à <strong>18h30</strong>, profitez d&#8217;une pièce unique : <strong>&#8220;Teatro El Trastero&#8221;</strong> d&#8217;<strong>Antonio Jesús Arbeloa García</strong>, présentée par la <strong>Compañía Amigos del Teatro de Castellón</strong>. Ce spectacle fait partie du <strong>XII Certamen Nacional de Teatro Amateur &#8220;Antonio Ferrer, El Cartero&#8221;</strong> dans la catégorie <strong>Théâtre</strong>.</p>

<p>L&#8217;entrée est <strong>gratuite jusqu&#8217;à ce que la salle soit pleine</strong>, alors assurez-vous d&#8217;arriver à temps pour profiter d&#8217;un excellent spectacle.</p>

<p>Nous vous attendons pour vivre ensemble une soirée inoubliable à l&#8217;Auditorium, organisée par le Département de la Culture !</p>

<figure class="wp-block-image size-large"><img fetchpriority="high" decoding="async" width="724" height="1024" src="https://calpebooking.com/wp-content/uploads/2024/11/17_11_2024_cartel_verde_el_trastero-724x1024.jpg" alt="" class="wp-image-4407" srcset="https://calpebooking.com/wp-content/uploads/2024/11/17_11_2024_cartel_verde_el_trastero-724x1024.jpg 724w, https://calpebooking.com/wp-content/uploads/2024/11/17_11_2024_cartel_verde_el_trastero-212x300.jpg 212w, https://calpebooking.com/wp-content/uploads/2024/11/17_11_2024_cartel_verde_el_trastero-768x1086.jpg 768w, https://calpebooking.com/wp-content/uploads/2024/11/17_11_2024_cartel_verde_el_trastero-1086x1536.jpg 1086w, https://calpebooking.com/wp-content/uploads/2024/11/17_11_2024_cartel_verde_el_trastero.jpg 1414w" sizes="(max-width: 724px) 100vw, 724px" /></figure>
