{"id":4413,"date":"2024-11-15T10:20:58","date_gmt":"2024-11-15T10:20:58","guid":{"rendered":"https:\/\/calpebooking.com\/listing\/17-11-theater-el-trastero\/"},"modified":"2024-11-15T10:22:35","modified_gmt":"2024-11-15T10:22:35","slug":"17-11-theater-el-trastero","status":"publish","type":"listing","link":"https:\/\/calpebooking.com\/?listing=17-11-theater-el-trastero","title":{"rendered":"17\/11 &#8211; Theater &#8220;El trastero&#8221;."},"content":{"rendered":"\n<p>\n          <strong>Don&#8217;t miss &#8220;Teatro El Trastero&#8221; at the Calpe Auditorium!<\/strong>\n        <\/p>\n\n<p>This <strong>Sunday, November 17<\/strong> at <strong>6:30 pm<\/strong>, enjoy a unique play: <strong>&#8220;Teatro El Trastero&#8221;<\/strong> by <strong>Antonio Jes\u00fas Arbeloa Garc\u00eda<\/strong>, presented by the <strong>Compa\u00f1\u00eda Amigos del Teatro de Castell\u00f3n<\/strong>. This performance is part of the <strong>XII Certamen Nacional de Teatro Amateur &#8220;Antonio Ferrer, El Cartero&#8221;<\/strong> in the <strong>Theater<\/strong> category.<\/p>\n\n<p>Admission is <strong>free until full capacity is reached<\/strong>, so be sure to arrive on time to enjoy an excellent performance.<\/p>\n\n<p>We are waiting for you to live together an unforgettable evening at the Auditorium, organized by the Department of Culture!<\/p>\n\n<figure class=\"wp-block-image size-large\"><img fetchpriority=\"high\" decoding=\"async\" width=\"724\" height=\"1024\" src=\"https:\/\/calpebooking.com\/wp-content\/uploads\/2024\/11\/17_11_2024_cartel_verde_el_trastero-724x1024.jpg\" alt=\"\" class=\"wp-image-4407\" srcset=\"https:\/\/calpebooking.com\/wp-content\/uploads\/2024\/11\/17_11_2024_cartel_verde_el_trastero-724x1024.jpg 724w, https:\/\/calpebooking.com\/wp-content\/uploads\/2024\/11\/17_11_2024_cartel_verde_el_trastero-212x300.jpg 212w, https:\/\/calpebooking.com\/wp-content\/uploads\/2024\/11\/17_11_2024_cartel_verde_el_trastero-768x1086.jpg 768w, https:\/\/calpebooking.com\/wp-content\/uploads\/2024\/11\/17_11_2024_cartel_verde_el_trastero-1086x1536.jpg 1086w, https:\/\/calpebooking.com\/wp-content\/uploads\/2024\/11\/17_11_2024_cartel_verde_el_trastero.jpg 1414w\" sizes=\"(max-width: 724px) 100vw, 724px\" \/><\/figure>\n","protected":false},"author":1,"featured_media":4407,"comment_status":"open","ping_status":"closed","template":"","listing-category":[],"list-tags":[],"location":[186],"class_list":["post-4413","listing","type-listing","status-publish","has-post-thumbnail","hentry","location-calpe-town"],"cubewp_post_meta":[],"taxonomies":["Calpe - Town"],"_links":{"self":[{"href":"https:\/\/calpebooking.com\/index.php?rest_route=\/wp\/v2\/listing\/4413","targetHints":{"allow":["GET"]}}],"collection":[{"href":"https:\/\/calpebooking.com\/index.php?rest_route=\/wp\/v2\/listing"}],"about":[{"href":"https:\/\/calpebooking.com\/index.php?rest_route=\/wp\/v2\/types\/listing"}],"author":[{"embeddable":true,"href":"https:\/\/calpebooking.com\/index.php?rest_route=\/wp\/v2\/users\/1"}],"replies":[{"embeddable":true,"href":"https:\/\/calpebooking.com\/index.php?rest_route=%2Fwp%2Fv2%2Fcomments&post=4413"}],"wp:featuredmedia":[{"embeddable":true,"href":"https:\/\/calpebooking.com\/index.php?rest_route=\/wp\/v2\/media\/4407"}],"wp:attachment":[{"href":"https:\/\/calpebooking.com\/index.php?rest_route=%2Fwp%2Fv2%2Fmedia&parent=4413"}],"wp:term":[{"taxonomy":"listing-category","embeddable":true,"href":"https:\/\/calpebooking.com\/index.php?rest_route=%2Fwp%2Fv2%2Flisting-category&post=4413"},{"taxonomy":"list-tags","embeddable":true,"href":"https:\/\/calpebooking.com\/index.php?rest_route=%2Fwp%2Fv2%2Flist-tags&post=4413"},{"taxonomy":"location","embeddable":true,"href":"https:\/\/calpebooking.com\/index.php?rest_route=%2Fwp%2Fv2%2Flocation&post=4413"}],"curies":[{"name":"wp","href":"https:\/\/api.w.org\/{rel}","templated":true}]}}

<p>
          <strong>Don&#8217;t miss &#8220;Teatro El Trastero&#8221; at the Calpe Auditorium!</strong>
        </p>

<p>This <strong>Sunday, November 17</strong> at <strong>6:30 pm</strong>, enjoy a unique play: <strong>&#8220;Teatro El Trastero&#8221;</strong> by <strong>Antonio Jesús Arbeloa García</strong>, presented by the <strong>Compañía Amigos del Teatro de Castellón</strong>. This performance is part of the <strong>XII Certamen Nacional de Teatro Amateur &#8220;Antonio Ferrer, El Cartero&#8221;</strong> in the <strong>Theater</strong> category.</p>

<p>Admission is <strong>free until full capacity is reached</strong>, so be sure to arrive on time to enjoy an excellent performance.</p>

<p>We are waiting for you to live together an unforgettable evening at the Auditorium, organized by the Department of Culture!</p>

<figure class="wp-block-image size-large"><img fetchpriority="high" decoding="async" width="724" height="1024" src="https://calpebooking.com/wp-content/uploads/2024/11/17_11_2024_cartel_verde_el_trastero-724x1024.jpg" alt="" class="wp-image-4407" srcset="https://calpebooking.com/wp-content/uploads/2024/11/17_11_2024_cartel_verde_el_trastero-724x1024.jpg 724w, https://calpebooking.com/wp-content/uploads/2024/11/17_11_2024_cartel_verde_el_trastero-212x300.jpg 212w, https://calpebooking.com/wp-content/uploads/2024/11/17_11_2024_cartel_verde_el_trastero-768x1086.jpg 768w, https://calpebooking.com/wp-content/uploads/2024/11/17_11_2024_cartel_verde_el_trastero-1086x1536.jpg 1086w, https://calpebooking.com/wp-content/uploads/2024/11/17_11_2024_cartel_verde_el_trastero.jpg 1414w" sizes="(max-width: 724px) 100vw, 724px" /></figure>
